ime?
False
Is 38393 a composite number?
False
Is 221272903 a composite number?
True
Is 3891361 composite?
True
Is 111837877 prime?
True
Is 1435546673 prime?
False
Is 9280679 prime?
True
Is 43150643 composite?
False
Is 449097251 a composite number?
True
Is 9143011 a prime number?
True
Is 89363 prime?
True
Is 13131799 a composite number?
True
Is 1527347 a prime number?
True
Is 32876681 a prime number?
True
Is 2869327 prime?
True
Is 80603587 composite?
False
Is 7060273 a composite number?
True
Is 12343553 prime?
True
Is 11459339 a prime number?
False
Is 24089491 a prime number?
False
Is 31403599 a prime number?
False
Is 17583037 prime?
False
Is 16975489 a prime number?
False
Is 43606897 composite?
True
Is 52782593 a composite number?
False
Is 850867 a prime number?
False
Is 241391 a prime number?
True
Is 235098085 composite?
True
Is 48356303 prime?
True
Is 80173897 a composite number?
True
Is 131134951 composite?
False
Is 2022539 a composite number?
False
Is 18001591 a prime number?
True
Is 27210551 composite?
False
Is 3731851 a composite number?
False
Is 232869031 a prime number?
True
Is 3353321 composite?
False
Is 406034159 composite?
False
Is 1700021 prime?
True
Is 9142223 a prime number?
False
Is 4546393 a prime number?
False
Is 12108829 composite?
False
Is 2055953 composite?
False
Is 191191127 a prime number?
False
Is 167073 a prime number?
False
Is 1033417813 prime?
False
Is 47563597 prime?
True
Is 57012283 composite?
False
Is 18811183 prime?
False
Is 41429413 composite?
False
Is 1953235 a composite number?
True
Is 853123 a prime number?
True
Is 164789 a composite number?
False
Is 5137549 a prime number?
False
Is 141333719 composite?
True
Is 12146863 a prime number?
False
Is 2498071 a prime number?
True
Is 17943971 a prime number?
True
Is 2731961 a prime number?
True
Is 4932671 a composite number?
False
Is 1179901 prime?
True
Is 1449361 a composite number?
False
Is 479509 prime?
True
Is 2060749 a prime number?
True
Is 87420673 prime?
True
Is 24273451 a prime number?
True
Is 1109093 prime?
False
Is 11387687 a composite number?
False
Is 325151861 a prime number?
True
Is 23232791 composite?
False
Is 42109333 composite?
True
Is 30719305 a prime number?
False
Is 367519 a composite number?
False
Is 1953227 a composite number?
True
Is 174583541 composite?
True
Is 11614183 composite?
True
Is 11995163 composite?
True
Is 4221169 a composite number?
False
Is 273239003 a prime number?
True
Is 167201639 prime?
False
Is 337133 a composite number?
True
Is 904427 a composite number?
True
Is 5897561 a composite number?
False
Is 292643333 a composite number?
False
Is 33592681 composite?
True
Is 56042731 composite?
True
Is 27574006 a prime number?
False
Is 549529 composite?
True
Is 127050019 a composite number?
False
Is 368747617 a composite number?
True
Is 6636359 a prime number?
True
Is 190423591 a composite number?
False
Is 19707601 composite?
False
Is 2363159 prime?
True
Is 1672919 composite?
True
Is 1214016169 composite?
True
Is 644525785 prime?
False
Is 34331321 composite?
True
Is 10886123 a prime number?
False
Is 4256465 prime?
False
Is 21052433 a prime number?
False
Is 2533729 a prime number?
False
Is 162667 a prime number?
False
Is 431609 a composite number?
True
Is 281227 composite?
False
Is 67276393 composite?
False
Is 39621223 composite?
False
Is 85949921 composite?
False
Is 6190171 a prime number?
False
Is 82644085 a composite number?
True
Is 153798581 composite?
False
Is 7280779 composite?
True
Is 368647 composite?
False
Is 66385999 a composite number?
False
Is 2319679 a prime number?
True
Is 11196331 composite?
True
Is 23782123 composite?
True
Is 5444833 prime?
False
Is 22379297 prime?
True
Is 29896099 prime?
True
Is 54038338 a composite number?
True
Is 4700191 prime?
True
Is 3256405 a prime number?
False
Is 23551019 a composite number?
False
Is 14801249 prime?
True
Is 63258527 prime?
True
Is 806818469 composite?
False
Is 47074759 a composite number?
True
Is 45295631 prime?
True
Is 23504799 prime?
False
Is 709381 composite?
False
Is 38391809 composite?
True
Is 240943 a composite number?
False
Is 4470527 prime?
False
Is 266707447 a composite number?
False
Is 220906273 composite?
True
Is 1367349 a prime number?
False
Is 2809617 a composite number?
True
Is 1424903 a prime number?
True
Is 119820013 prime?
False
Is 198199817 a composite number?
False
Is 20654437 prime?
False
Is 294979 prime?
True
Is 183795419 prime?
False
Is 37646153 composite?
False
Is 302791699 a composite number?
True
Is 6354077 composite?
False
Is 1844964103 a composite number?
False
Is 1457159 prime?
False
Is 2990279 a composite number?
False
Is 6005429 prime?
True
Is 30599419 prime?
False
Is 8461451 composite?
False
Is 91461883 a composite number?
True
Is 81805789 a composite number?
True
Is 10512059 a composite number?
True
Is 363707917 prime?
True
Is 178003663 a composite number?
False
Is 111594793 prime?
True
Is 20860337 prime?
True
Is 9454343 a prime number?
False
Is 8975887 a composite number?
False
Is 23483903 prime?
False
Is 77065081 a prime number?
True
Is 18849959 a prime number?
True
Is 223129 prime?
True
Is 190326601 composite?
False
Is 20856181 composite?
False
Is 3391949 composite?
True
Is 14026487 prime?
True
Is 5348107 composite?
True
Is 3107249 a composite number?
False
Is 5062529 a prime number?
True
Is 75370241 a prime number?
False
Is 6397667 a composite number?
False
Is 55951153 a prime number?
True
Is 17708521 composite?
False
Is 12465727 a prime number?
True
Is 225877903 prime?
False
Is 32487307 a composite number?
True
Is 6407107 a prime number?
False
Is 341864123 composite?
False
Is 1928741 a composite number?
False
Is 637657 prime?
True
Is 1793921 prime?
True
Is 18777659 a composite number?
True
Is 115334 a composite number?
True
Is 12553379 a composite number?
False
Is 23559419 a composite number?
True
Is 7654087 a composite number?
True
Is 208673783 prime?
True
Is 5187463 prime?
False
Is 17857753 prime?
True
Is 13772054 prime?
False
Is 1326557 composite?
True
Is 2340733 a prime number?
False
Is 6981301 a composite number?
False
Is 6407735 composite?
True
Is 3474227 prime?
False
Is 54628183 a composite number?
False
Is 3925829 a composite number?
False
Is 26248753 a composite number?
False
Is 36347483 prime?
True
Is 105039995 prime?
False
Is 104193599 prime?
True
Is 115959049 a prime number?
True
Is 10221703 composite?
False
Is 50359247 a prime number?
False
Is 151091 composite?
False
Is 3688285 composite?
True
Is 2055139 a composite number?
True
Is 276768053 prime?
True
Is 41562883 a composite number?
True
Is 19649845 prime?
False
Is 1113173 prime?
True
Is 2499037 a composite number?
True
Is 200748217 a prime number?
True
Is 44025701 a composite number?
False
Is 41304163 prime?
True
Is 8368687 composite?
True
Is 28470499 a composite number?
False
Is 527325573 a prime number?
False
Is 57537749 a composite number?
False
Is 435997 a composite number?
False
Is 2208671 composite?
True
Is 1313441 prime?
False
Is 11022355 prime?
False
Is 65699969 a composite number?
False
Is 34255231 composite?
False
Is 5449987 a composite number?
False
Is 11540293 a composite number?
False
Is 6869267 a composite number?
False
Is 2772041 prime?
True
Is 116444807 a composite number?
True
Is 36365722 a composite number?
True
Is 745002529 a prime number?
False
Is 34449083 a composite number?
False
Is 299116835 composite?
True
Is 15055169 a prime number?
False
Is 68281399 composite?
True
Is 16977479 prime?
True
Is 18195361 a prime number?
True
Is 463298543 a composite number?
True
Is 567602807 a composite number?
True
Is 2662567 a prime number?
True
Is 9610663 a prime number?
False
Is 45206167 composite?
True
Is 20180971 composite?
False
Is 12323197 prime?
True
Is 1550567 composite?
False
Is 18855899 a prime number?
True
Is 590006909 prime?
True
Is 977325367 a composite number?
False
Is 114323891 a composite number?
True
Is 972599 prime?
True
Is 166424059 composite?
True
Is 143731767 composite?
True
Is 299316037 a prime number?
True
Is 3462691 a prime number?
False
Is 774276121 a prime number?
True
Is 303844661 a prime number?
True
Is 197694451 prime?
False
Is 1698497 a prime number?
True
Is 54904321 a prime number?
False
Is 85153573 prime?
False
Is 36825611 a composite nu